12 - -9 - -18)).
-19
Calculate -19 + 4 - (-32 + 17) - 1.
-1
What is -9 + -62 + -301 + 278?
-94
What is the value of -6 - (5 - (13 - 19 - -2))?
-15
13 + (76 - 1) + (-37 - 5 - -55)
101
-12 + 77 + (273 - 287) + (14 - -1)
66
Evaluate -36 + 16 - -61 - (-5 - (-1 - -4)).
49
Evaluate 13 - (-61 + 1 - (24 + -44 + 4)).
57
What is the value of 38 + (10 - ((23 - 35) + 4))?
56
Calculate -5 + (2 - 3) + -36 + 112 + -101.
-31
Evaluate (36 - -83) + (-84 - -9).
44
Evaluate 5 + (26 - 7 - 13) + -59.
-48
What is 6 + -4 + -16 + (42 - 37) + 59?
50
What is the value of -1 - -32 - (136 + -507 - -288)?
114
What is the value of (0 - (-3 - (-2 + -1))) + -62 - (-606 - -600)?
-56
What is 186 - ((-21 - 10) + 60) - 37?
120
7 + (49 + -54 - (0 - -60)) - (8 + -1)
-65
What is 19 + (-78 + 25 - 16)?
-50
-355 - -325 - (-1 - (-4 + (3 - -2 - 3)))
-31
What is the value of (0 - 1) + 3 + 11 - 28?
-15
What is -7 - 0 - (14 - -1) - -3?
-19
What is -233 + 25 + (62 - -36)?
-110
What is -24 + 45 + 85 + -51?
55
What is -14 - -1 - (-27 + -39 - (7 + (-3 - -11)))?
68
2 + 83 + (-4155 - -4009)
-61
Calculate -21 - (3 + -11 - (-28 + 2 + 18 - 3)).
-24
Calculate 9 + -16 + 3 + 6 - -1 - (-2 - 16).
21
What is the value of 44 + 5 + (389 + -382 - ((11 - 2) + -2))?
49
Calculate -41 - ((21 - (24 - -7)) + 44 - 19).
-56
Evaluate 0 + -36 + (-20 - (-95 - -34) - 35).
-30
Calculate (29 - ((1 - 1) + 15)) + (-18 - -21).
17
Evaluate 3 + (20 - 10) + (-38 - 23).
-48
What is the value of -89 + 21 - (-1 - 0 - -2 - (47 + -47))?
-69
Evaluate (-8 - (6 - (-7 - -8))) + 3 - (42 - -2).
-54
Calculate 0 + 5 + (-2 - 4) - (0 - 39).
38
What is 58 - (15 + 32 + -1 + -16)?
28
Evaluate 3 + 13 - (-20 - (15 + -13 - 10)).
28
What is 102 + (2 - (137 + 33))?
-66
Calculate -78 - (56 + 32 - 88).
-78
What is 42 - (-1 + -65 + 60)?
48
What is the value of (-1 - -11) + -12 + -5 + (-19 - -16) - -6?
-4
Calculate 84 - (-34 - (-36 + 15) - -1 - -3).
93
Evaluate -10 - ((-34 + 17 - -35) + -6 - 122).
100
4 + -2 + (285 - 290) + (-4 - 2)
-9
Evaluate -325 + 331 + (-1 - -6) - (2 + 3 + 18).
-12
14 - (34 - 1 - (224 - 221)) - (-2 - 0)
-14
Evaluate (-2 - (-2 - -5)) + (-32020 - -32052).
27
Calculate 10 - (12 - -2 - (-181 - -119)).
-66
Evaluate 4 - 0 - ((-4 - 0) + (-81 - -12) - -8).
69
Evaluate 3 + -3 + -2 + 6 - (-5 - -3 - -12).
-6
Evaluate -2 - -31 - (-97 - -93).
33
Calculate (3 - -16) + 1 + (-211 - -228).
37
What is -36 - (-95 - -56) - (-2 + -26 + 0 - 0)?
31
What is the value of 19 - ((-14 - -12) + 64) - ((-1 - -2) + -11)?
-33
What is the value of (-66 - -10) + 53 - (-6 + -67)?
70
What is 53 + (-92 - -25) - (-47 - 0)?
33
Calculate -7 + (-29 - (16 + 1)) - 3.
-56
What is the value of 3 + -54 - -7 - -24?
-20
What is ((1 - -5) + (548 - 563) - 10) + 0 + 0?
-19
Calculate 97 - (0 + (21 - 16) - 5) - -10.
107
Calculate -1 - -56 - (427 + -362).
-10
What is the value of 15 - (19 - 15 - 13 - 19 - 14)?
57
-29 + -104 + (21 - -16)
-96
(335 - 262 - (-2 + -22)) + -2
95
Calculate (0 - -42) + 3 + -3859 + 3768.
-46
(1 - (87 - 2)) + 43 + -105 + 107 + -52
-91
What is the value of 39 + (-34 - -39) + -55?
-11
What is -6 + 9 + -35 + 76?
44
Evaluate (49 - (64 - 17)) + (2 - (1 + 107)) + -7.
-111
(-22 - (-86 + 40)) + -69
-45
66 + (2 - (60 + 0))
8
Evaluate (-11 + 38 - 6) + (-4 - 42).
-25
Evaluate 3 - 38 - (839 - 916).
42
What is the value of -252 - -167 - ((-14 - 5) + 5 - 1)?
-70
Evaluate (-50 - (-14 + 15)) + 116.
65
What is the value of -130 + (-15 - -13) + 5 + 22 + -1?
-106
What is (0 - (4 - -4)) + 40 + (-53 - -38)?
17
Evaluate -160 + 11 + -152 + 252.
-49
What is -36 + (-24 - -48) + -33 - 42?
-87
Evaluate (-11 + -3 + 3 - (5 + (-23 - 6))) + -2.
11
Evaluate (7 - 40) + -76 + 101 - 22.
-30
Calculate (8 - 3 - 8 - -6) + (-26 - (-70 + 35)).
12
What is (-4 + (30 - 17) + -6 + -4 - -81) + 15?
95
What is the value of 28 + (-22 - -8) + 55 + -15?
54
Calculate -94 + 1 + -122 + 96 + 42 - (1 + -5).
-73
What is 33 + -32 + 32 + -29?
4
What is the value of 15 - (8 + 9 - (40 + -41))?
-3
Evaluate 18 - 24 - 32 - -3 - 5.
-40
What is (-2 - 3) + -14 + 152 + -177?
-44
Evaluate -11 - (-56 - (-1 + 13 - (-40 + 59))).
38
-93 + (-4 - -49) - 9
-57
Calculate 66 - (5 + (-29 - -50) - (13 - 0)).
53
What is the value of 58 - (71 + (33 - 79))?
33
What is the value of 5 - (-12 - ((-98 - 21) + 18))?
-84
Calculate (-8 - 7) + 68 - 5.
48
Calculate -72 + (108 - 52) - (30 + 2).
-48
(24 - (3 + -2 + 0)) + 106 + (-222 - -105)
12
What is ((2 - 5) + -14 + -17 - 0) + -1?
-35
Evaluate (2 - (-6 + 6 + 14 + -9)) + (-13 - -5).
-11
Calculate -14 + 31 + -4 + (53 - -7 - 6) - 11.
56
Evaluate -60 - (62 - (145 - 14)).
9
What is -348 - -308 - (-4 + 12)?
-48
What is -8 + 17 + -4 + 8 + -3 + -3 - 1?
6
Calculate -74 + -19 + (-449 - -440).
-102
Calculate (13 - (-4 - -4)) + 49 + (44 - 55).
51
What is -119 - -38 - -26 - -55?
0
What is the value of -1 + -7 - 1 - (-8 - (12 - 55) - -3)?
-47
Evaluate 15 + (24 - ((36 - 17) + -22)).
42
Evaluate 12 + 11 + -3 + -87 + 12 + -4.
-59
What is -36 + -16 + (-15 - (-5 + -30))?
-32
Evaluate 18 + 0 + -14 - (-12 + 69 + -7).
-46
What is (-87 - 12 - 17 - (-43 - -35)) + 3?
-105
(-2 - -2) + 0 + -4 + (6 - (-7 - -11))
-2
12 + (10 - (-13 - (-7 - (-12 + 4))))
36
Evaluate -37 - (-24 - 15) - -37.
39
0 + -93 + (20 + -39 + 11 - 2) - -5
-98
Calculate 65 + (137 - 154) + (2 - -5).
55
Calculate (-9 + 10 - -20 - (-7 + 10 + 6)) + 5.
17
Evaluate -3 - (-2 + 0 - 3) - (-34 + -78 + 28).
86
Evaluate -71 + 21 - -58 - 21.
-13
-8 + 1 + 15 - ((-12 - -19) + 27)
-26
-46 + 49 + -26 - 19
-42
Calculate (0 - -1) + -8 + (-2 - -11) + (-790 - -737).
-51
Evaluate 38 - (3 + 2 + -5) - (52 - 46 - 15).
47
(-2 - (0 - 1) - (-8 + 2 + 5)) + -16
-16
-35 - (19 + 1 - 0 - (1515 + -1508))
-48
What is the value of -929 + 944 + (1 - -2) + 43 - 2?
59
Evaluate 74 - 57 - (-22 - -4) - 59.
-24
Evaluate -12 - (-75 - -89 - ((-3 - -3) + 2)).
-24
Calculate -31 - ((-1 + -17 - 9) + -23).
19
Calculate -29 + 18 + -7 + -3 - (38 + 30).
-89
Evaluate 40 + 31 - (-30 - -124).
-23
Evaluate 27 + (42 - 72 - -29).
26
Calculate 12 - 1 - (2 + -2 - (18 + 0 + -19)).
10
Calculate 255 - 257 - (1 + -6 - (-72 - 2)).
-71
-210 + 231 + -7 + 2 + (5 - 5)
16
What is the value of (4 - 5) + -36 - (1551 - 1519)?
-69
What is 1 + -2 + ((-24 - -22) + -3 + -7 - -14)?
1
Evaluate (-91 - -92) + 4 + 28 + 3.
36
What is the value of 53 + -39 - (0 - -5) - (-120 + 0)?
129
Calculate (741 - 821) + -1 + 149.
68
What is the value of -45 + -1 - (-297 + 218)?
33
What is the value of 33 + -107 + (-14 - -16) + -17?
-89
-24 - -71 - 8 - -43 - -18
100
What is -128 + 46 + 60 + -83?
-105
Evaluate -26 + -9 + -56 + 34 + -17.
-74
What is the value of 510 + -490 + -66 + (-2 - 1) + 3?
-46
What is 3 - (-4 + 10 - 4) - (-7 - 55 - 10)?
73
Calculate 81 + (5 - 13) + (60 - 76).
57
What is the value of (9 - (1 + 1 + -1)) + (77 - 163 - -1)?
-77
(-2 - -11) + (226 - 154) - -13 - (-12 - -8)
98
What is -143 - -142 - (-3 - ((4 - 1) + 9 + -53))?
-39
Calculate -81 + ((-1 - 4) + -6 - -5 - 1) - -11.
-77
What is (-3 - -19) + (-38 - -13)?
-9
Calculate 26 - (14 + 2) - (-9 - (-3 + 4)).
20
What is the value of 86 - -6 - (-45 + (8 - -10) - -18)?
101
Calculate (-5 - (2 - 5 - 28)) + (-804 - -809).
31
Evaluate (0 - (-30 - -19)) + 49 + 11.
71
Calculate -2 - 9 - (13 + -2 + -13 + 0).
-9
-9 - 42 - (-32 + -7 + 35)
-47
What is 56 - (75 + -82 + 38)?
25
What is the value of (-8 - (23 - 13)) + (-15 - -12)?
-21
Calculate -112 + 152 + (0 - 111).
-71
What is the value of 0 + -2 + -16 - (-2800 - -2828)?
-46
What is the value of (-7 - 4) + (-12 - -20) + -2 + -8?
-13
Evaluate 14 - 25 - (474 - 535).
50
Calculate (97 - 90) + 25 - (-2 + -1 + 2).
33
Evaluate (3 + -4 - (3 + 104)) + (1481 - 1489).
-116
Evaluate (123 - 63) + -147 + 39.
-48
Calculate -58 - 0 - ((6 - -35) + -61).
-38
What is -12 + (0 - 4 - -17) + -50 + -8?
-57
(-49 - (-3 - -7)) + (11 + -9 - -3) + -1
-49
-24 - (2 - (5 - (11 - (12 - 12))))
-32
What is the value of -6 + (23 + -44 + 19 - ((10 - -1) + 1))?
-20
Calculate (-10 - 76) + -140 + 187.
-39
What is the value of -17 - (18 + (-34 - -8)) - 1?
-10
Calculate (-5230 - -5301) + 0 + 28 + 3.
102
What is the value of -26 - -8 - (28 + (-14 - 22))?
-10
Calculate 3 - (-2 + 3) - (20 + -7 + 2 + 38).
-51
Evaluate 29 - -1 - (23 - 120 - -83).
44
What is -46 - (14 + -19 + -89)?
48
Evaluate 8 + -1 + 11 + (-3 - (4 + -6 - 2)).
19
What is the value of (30 - 23) + (1 - 7) - (-30 + 83 + -48)?
-4
Wha